{"id":35,"date":"2013-06-11T11:15:13","date_gmt":"2013-06-11T08:15:13","guid":{"rendered":"http:\/\/www.markomaki.net\/?page_id=35"},"modified":"2013-10-07T20:03:14","modified_gmt":"2013-10-07T17:03:14","slug":"maki-marko","status":"publish","type":"page","link":"https:\/\/www.markomaki.net\/?page_id=35","title":{"rendered":"Kuka sitten on Marko M\u00e4ki?"},"content":{"rendered":"<p><span style=\"color: #000000;\"><strong><span style=\"font-family: verdana, geneva; font-size: 14px;\">Kuka sitten on Marko M\u00e4ki?<\/span><\/strong><\/span><\/p>\n<ul>\n<li><span style=\"color: #000000;\"><strong><span style=\"font-family: verdana, geneva; font-size: 14px;\">Syntynyt vuonna 1976 J\u00e4ms\u00e4ss\u00e4<\/span><\/strong><\/span><\/li>\n<li><span style=\"color: #000000;\"><strong><span style=\"font-family: verdana, geneva; font-size: 14px;\">Asuu nykyisin J\u00e4rvenp\u00e4\u00e4n Nummenkyl\u00e4ss\u00e4<\/span><\/strong><\/span><\/li>\n<li><span style=\"color: #000000;\"><strong><span style=\"font-family: verdana, geneva; font-size: 14px;\">IT n\u00f6rtiksi kouliintunut<\/span><\/strong><\/span><\/li>\n<\/ul>\n<p><a href=\"https:\/\/www.markomaki.net\/wp-content\/uploads\/2013\/06\/marko.jpg\"><img loading=\"lazy\" decoding=\"async\" class=\"aligncenter size-full wp-image-55\" alt=\"M\u00e4ki Marko\" src=\"https:\/\/www.markomaki.net\/wp-content\/uploads\/2013\/06\/marko.jpg\" width=\"206\" height=\"206\" srcset=\"https:\/\/www.markomaki.net\/wp-content\/uploads\/2013\/06\/marko.jpg 206w, https:\/\/www.markomaki.net\/wp-content\/uploads\/2013\/06\/marko-150x150.jpg 150w\" sizes=\"auto, (max-width: 206px) 100vw, 206px\" \/><\/a><\/p>\n","protected":false},"excerpt":{"rendered":"<p>Kuka sitten on Marko M\u00e4ki? Syntynyt vuonna 1976 J\u00e4ms\u00e4ss\u00e4 Asuu nykyisin J\u00e4rvenp\u00e4\u00e4n Nummenkyl\u00e4ss\u00e4 IT n\u00f6rtiksi kouliintunut<\/p>\n","protected":false},"author":1,"featured_media":0,"parent":13,"menu_order":1,"comment_status":"closed","ping_status":"closed","template":"","meta":{"footnotes":""},"class_list":["post-35","page","type-page","status-publish","hentry"],"_links":{"self":[{"href":"https:\/\/www.markomaki.net\/index.php?rest_route=\/wp\/v2\/pages\/35","targetHints":{"allow":["GET"]}}],"collection":[{"href":"https:\/\/www.markomaki.net\/index.php?rest_route=\/wp\/v2\/pages"}],"about":[{"href":"https:\/\/www.markomaki.net\/index.php?rest_route=\/wp\/v2\/types\/page"}],"author":[{"embeddable":true,"href":"https:\/\/www.markomaki.net\/index.php?rest_route=\/wp\/v2\/users\/1"}],"replies":[{"embeddable":true,"href":"https:\/\/www.markomaki.net\/index.php?rest_route=%2Fwp%2Fv2%2Fcomments&post=35"}],"version-history":[{"count":4,"href":"https:\/\/www.markomaki.net\/index.php?rest_route=\/wp\/v2\/pages\/35\/revisions"}],"predecessor-version":[{"id":56,"href":"https:\/\/www.markomaki.net\/index.php?rest_route=\/wp\/v2\/pages\/35\/revisions\/56"}],"up":[{"embeddable":true,"href":"https:\/\/www.markomaki.net\/index.php?rest_route=\/wp\/v2\/pages\/13"}],"wp:attachment":[{"href":"https:\/\/www.markomaki.net\/index.php?rest_route=%2Fwp%2Fv2%2Fmedia&parent=35"}],"curies":[{"name":"wp","href":"https:\/\/api.w.org\/{rel}","templated":true}]}}